16
Suppose 153 = -60*f + 77*f. Suppose -2*l + 4 = -0. What is the remainder when f is divided by l?
1
Let p = -112 + 119. What is the remainder when 41 is divided by p?
6
Let b(g) = -g**3 + 7*g + 10. What is the remainder when b(-4) is divided by 16?
14
Suppose 4*j = -5*r + 15, 2*r + 12 = 6*r. Suppose -5*n + 26 + 19 = j. Suppose 16 = 4*t + 4*s, 2 = -2*s - 0. What is the remainder when n is divided by t?
4
Let o be (-2 - 75 - 0) + -1. Let n = -14 - o. Suppose -n - 11 = -5*q. Calculate the remainder when 57 is divided by q.
12
Suppose 2 = a - 2*v - 6, 79 = 5*a + 3*v. What is the remainder when a is divided by 7?
0
Suppose 3*o - 19 = 56. What is the remainder when o is divided by 13?
12
Let t(j) be the third derivative of j**6/120 + j**5/30 - j**2. What is the remainder when 45 is divided by t(2)?
13
Calculate the remainder when 24 + (-1 + 0)*1 is divided by 8.
7
Suppose z + 105 = 6*z. Let q be 0 + -2 + 13/1. Let n = q - 0. Calculate the remainder when z is divided by n.
10
Let o be -1 + (1 + 17)/3. Suppose -a - 3*d + 129 = 2*a, -d - 209 = -o*a. What is the remainder when a is divided by 22?
20
Let c = -79 + 0. Calculate the remainder when 2/10 - c/5 is divided by 9.
7
Suppose -7*z = -5*z - 38. What is the remainder when z is divided by (-1)/(3 - (-68)/(-22))?
8
Suppose -z + 33 = -5*f, 5*f - 3 = 2*z - 59. What is the remainder when 91 is divided by z?
22
Suppose 3*w = -w + 12. Suppose a - 5*k + 4 = 0, w*k - 18 = -3*a + a. What is the remainder when 11 is divided by a?
5
Suppose 2*g + 72 = 4*h, -h + g = 2*g - 15. What is the remainder when 32 is divided by h?
15
Let b = 23 + -17. Calculate the remainder when 23 is divided by b.
5
Let c = 130 + -21. Calculate the remainder when c is divided by 28.
25
Let y = -7 - -4. What is the remainder when 51 is divided by y + (-16)/((-2)/2)?
12
Let o(n) = -n**3 - n + 1. Let m be o(1). Suppose -2*i + 1 = -i. Calculate the remainder when (-6)/(-3) - 0/m is divided by i.
0
Let t = 49 + -23. What is the remainder when 101 is divided by t?
23
Suppose 8*i - 119 = i. Calculate the remainder when 49 is divided by i.
15
What is the remainder when (9/(-27))/((-2)/108) is divided by (-1 - (-14)/(-6))*-3?
8
Let p = -27 - -70. Let u be (22/4)/((-1)/(-8)). Let a = u + -29. What is the remainder when p is divided by a?
13
Let w = 80 - 34. Suppose 0 = 5*d - d + 20, -4*n + w = 2*d. Let l = 68 - 28. What is the remainder when l is divided by n?
12
Let k = 3 + 25. Suppose -k = -2*i + 110. Calculate the remainder when i is divided by 18.
15
Suppose 0 = 4*b - 21 - 103. Suppose o + b = 2*o. What is the remainder when o is divided by 1 - 15*1/(-1)?
15
Suppose 48 = 4*w + 5*l, 29 = 4*w - l - 19. Calculate the remainder when w is divided by (-2 + 1)/((-1)/5).
2
Suppose 2*t = -5*l + 37, -2*l - 2 = 5*t - 0. Let u = 13 - l. Calculate the remainder when 11 is divided by u.
3
Let d(f) = 2*f**3 - 5*f**2 + f - 36. What is the remainder when d(6) is divided by 25?
22
Suppose 4*p = 3*d - 5*d + 24, -4*d = 3*p - 23. Suppose 7*c - 3*c + 20 = 0. Let f(h) = -h**2 - 5*h + 2. What is the remainder when p is divided by f(c)?
1
Suppose -4*m - 424 = -1284. Suppose 94 = -3*u - m. Let c = -56 - u. What is the remainder when c is divided by 12?
11
Let q(d) = d**2 + 7*d - 10. Let y be q(-8). Let h = 6 - y. Calculate the remainder when 15 is divided by h.
7
What is the remainder when (50/15)/((-2)/(-9)) is divided by 9?
6
Let u = -15 + 14. Calculate the remainder when 17 is divided by (2 - (-1)/u)*5.
2
Let r = 11 - -2. Calculate the remainder when ((-14)/4)/((-6)/84) is divided by r.
10
Suppose -19 = -2*j + 3*u - 0, -j + 42 = 5*u. Let p(c) = -c**2 - c + 50. What is the remainder when p(0) is divided by j?
16
Suppose 0 = -j + 3*m + 16, j - m = 5*j - 25. Suppose 2*b = -4*c + 42, 5*c - b = -23 + 79. What is the remainder when c is divided by j?
4
Let x(p) = p**3 - 4*p**2 - 3*p - 6. Let t be x(5). Let u = t + 10. Calculate the remainder when u is divided by 12/10*(-20)/(-3).
6
Let z(u) = u**2 + 10*u + 16. Suppose -2*a + 5 + 47 = f, -4*a + 5*f = -118. Calculate the remainder when a is divided by z(-9).
6
Let r(t) = -2*t - 5*t - 10 - t**2 + 4 + 2*t**2. What is the remainder when 4 is divided by r(8)?
0
Let f = 31 - -37. What is the remainder when f is divided by 19?
11
Let l = 26 - 19. What is the remainder when l is divided by 4?
3
Let m be (-18)/(-4)*16/3. Let q = -16 + m. Calculate the remainder when (8/6)/((-2)/(-33)) is divided by q.
6
Let n = 112 - 68. Suppose -4*m = 4*t - n, 4*m - 3*t - 2*t = 71. What is the remainder when m is divided by 5?
4
Let b be (-6 - (-2 + 1))/(-1). Let g(v) = 10*v - 7. Suppose -5*u = 3*d - 30, 5*d + 5*u = 3*u + 69. Calculate the remainder when g(b) is divided by d.
13
Suppose 0 = 2*z + 3*z + 25, l = -3*z - 5. Calculate the remainder when 77 is divided by l.
7
Let o = -2 + 22. Let i be 4/(-2 - 51/(-24)). Suppose -2*r - 24 = -2*p, 3*p - r = -2*r + i. Calculate the remainder when o is divided by p.
9
Let i be (-132)/(-5) + 16/(-40). Suppose 4*a - 52 = -4*t, t = 3*t - 5*a - i. What is the remainder when t is divided by 4?
1
Suppose 2*q + 3*q - 50 = 0. Suppose 4*w + 4*o + 8 = 0, -4*o - q = w + 4. What is the remainder when 2 is divided by w?
0
Suppose 16 = 4*c, 3*k = -3*c - c + 31. Suppose -k*n = -10 - 25. What is the remainder when 12 is divided by n?
5
Let k(w) = -4*w**3 + 3*w + 2. What is the remainder when k(-3) is divided by 26?
23
Let w = 14 + -4. Calculate the remainder when 41/(2/(6/3)) is divided by (-4)/w + 288/20.
13
Suppose -7*l - 182 = -9*l. Calculate the remainder when l is divided by 23.
22
Suppose j - 4*g = -15, 5*g = 2 + 23. Suppose 104 = 12*c - 4*c. Calculate the remainder when c is divided by j.
3
What is the remainder when (-374)/(-8) - 6/(-24) is divided by 25?
22
Let u = -74 - -101. Calculate the remainder when 106 is divided by u.
25
Suppose -4*v - 14 = 2, -5*o - 2*v + 52 = 0. What is the remainder when o is divided by 8?
4
Suppose j = -y - 9, 2*y - 3*y + 2*j + 3 = 0. Let v be 50/15*(-42)/y. What is the remainder when 3 is divided by 12/7 - (-8)/v?
1
Suppose 0 = -0*y + y - 3. Suppose -2*g + 48 = 2*r, 3*g - y*r + 3 = 51. Let o = 22 + 17. Calculate the remainder when o is divided by g.
19
Let a(h) = -3*h - 10. Calculate the remainder when a(-14) is divided by 3.
2
Let n(m) = -m**2 - 11*m + 12. Let v be n(-12). Suppose -6*q + 47 + 49 = v. Calculate the remainder when 60 is divided by q.
12
Let y = 27 + 12. Let x be (-1)/(2 - y/18). Let d(m) = 3*m - 5. Calculate the remainder when 24 is divided by d(x).
11
Let o = -4 + 5. Calculate the remainder when 3 is divided by o.
0
Let s(d) = d**3 + 8*d**2 - 7*d + 12. Let g be s(-9). Let m be (28/g)/(2/(-3)). Suppose -m - 3 = -f. What is the remainder when 19 is divided by f?
9
What is the remainder when 194 is divided by 5 - (6 + (-5 - 9))?
12
Let k(i) = i**3 - 6*i**2 + i + 6. Let n = 16 - 10. What is the remainder when k(n) is divided by 5?
2
Suppose 0 = 6*i - i - 10. Suppose -67 - 19 = -i*f. What is the remainder when f is divided by 15?
13
Suppose 4*i = 8 - 0. Suppose -2*l + 4*d + 6 = -i, 4*l + 5*d = 81. Calculate the remainder when l is divided by 8.
6
Suppose -2*q = -2*o - 0*q + 12, 0 = -5*q - 20. Suppose o*u = -u. Calculate the remainder when -1*((-11 - -1) + u) is divided by 6.
4
Let n = 7 - -19. Calculate the remainder when 77 is divided by n.
25
Suppose -27 = -4*k + 3*t - 5, 2*k - 4 = 5*t. Let w = 5 + k. Calculate the remainder when 35 is divided by w.
11
Let d = -9 - -59. What is the remainder when d is divided by 17?
16
Let v(t) = -9*t - 5. Calculate the remainder when 36 is divided by v(-2).
10
Suppose -3*k = -3, k = -3*r - 3*k + 49. Suppose 0 = 5*v - 7*v + 18. What is the remainder when r is divided by v?
6
What is the remainder when -25*(-16)/60*3 is divided by 11?
9
Suppose 0 = 5*m + 2*v - 252, 0*m - 3*v = -m + 47. Calculate the remainder when 34 is divided by (-36)/(-10)*m/15.
10
Suppose 0 = 5*j - 4*q - 8, j - 1 = -3*j + 5*q. Suppose 100 + 104 = j*t. What is the remainder when t is divided by 18?
15
Suppose 0*l - 60 = -4*l. Calculate the remainder when 17 is divided by (-52)/(-6) - (-5)/l.
8
Let j be 96 + (-3 - -1) + 4. Suppose -5*c + j = 13. Let h(a) = 51*a**2 + 2*a + 1. Calculate the remainder when h(-1) is divided by c.
16
Suppose -x - 8 + 57 = 0. Let b(r